{"id":2,"date":"2010-09-07T11:08:51","date_gmt":"2010-09-07T11:08:51","guid":{"rendered":"https:\/\/mimesis.fr\/?page_id=2"},"modified":"2010-09-13T16:01:42","modified_gmt":"2010-09-13T16:01:42","slug":"a-propos","status":"publish","type":"page","link":"https:\/\/mimesis.fr\/?page_id=2","title":{"rendered":"Philosophie"},"content":{"rendered":"<p><a href=\"https:\/\/mimesis.fr\/wp-content\/uploads\/2010\/09\/josette-ronde.jpg\"><img loading=\"lazy\" decoding=\"async\" class=\"aligncenter size-full wp-image-36\" title=\"josette ronde\" src=\"https:\/\/mimesis.fr\/wp-content\/uploads\/2010\/09\/josette-ronde.jpg\" alt=\"\" width=\"785\" height=\"112\" srcset=\"https:\/\/mimesis.fr\/wp-content\/uploads\/2010\/09\/josette-ronde.jpg 785w, https:\/\/mimesis.fr\/wp-content\/uploads\/2010\/09\/josette-ronde-300x42.jpg 300w\" sizes=\"(max-width: 785px) 100vw, 785px\" \/><\/a><\/p>\n<p>Les entreprises sont comme de v\u00e9ritables \u00eatres vivants dont la vie et l\u2019\u00e9volution sont r\u00e9gies par deux grands registres de fonctionnement :<\/p>\n<p>\u2022un fonctionnement \u00ab\u00a0<strong>biologique<\/strong> \u00bb qui organise tout ce qui est de l\u2019ordre du syst\u00e9mique<\/p>\n<p>\u2022un fonctionnement \u00ab\u00a0<strong>socio-psychique <\/strong>\u00bb qui s\u2019origine dans la g\u00e9n\u00e9alogie, le socio-historique qui agissent sur le devenir de l\u2019individu et sur son fonctionnement biologique parfois m\u00eame de fa\u00e7on inconsciente<\/p>\n<p>Nous travaillons donc en permanence pour <strong>favoriser\u00a0 l\u2019harmonie entre ces deux fonctionnements<\/strong> car elle est le socle fondateur de la <strong>\u00ab\u00a0bonne sant\u00e9\u00a0\u00bb de l\u2019entreprise et de ses acteurs.<\/strong> Et c\u2019est <strong>en bonne sant\u00e9 et pleine de joie de vivre<\/strong> que l\u2019entreprise est <strong>dynamique et encline \u00e0 r\u00e9aliser de grands projets<\/strong>.<\/p>\n<p>\u2022Nous intervenons comme des \u00ab\u00a0m\u00e9decins sp\u00e9cialistes\u00a0\u00bb aupr\u00e8s des entreprises principalement dans deux grands domaines :<\/p>\n<p>\u2013<strong>Au niveau biologique :<\/strong> pour <strong>mettre en \u0153uvre le principe de r\u00e9g\u00e9n\u00e9ration continue<\/strong> qui se mat\u00e9rialise par le <strong>processus d\u2019innovation<\/strong> qui, comme la r\u00e9g\u00e9n\u00e9ration cellulaire pour l\u2019homme, constitue le <strong>facteur majeur de p\u00e9rennit\u00e9<\/strong> de l\u2019entreprise.<\/p>\n<p>\u2013<strong>Au niveau socio-psychique<\/strong> : parce que comme tout \u00eatre vivant, l\u2019entreprise a besoin de <strong>conna\u00eetre son histoire et comprendre son pass\u00e9 et son pr\u00e9sent<br \/>\npour pouvoir se projeter de fa\u00e7on durable dans l\u2019avenir .<\/strong><\/p>\n","protected":false},"excerpt":{"rendered":"<p>Les entreprises sont comme de v\u00e9ritables \u00eatres vivants dont la vie et l\u2019\u00e9volution sont r\u00e9gies par deux grands registres de fonctionnement : \u2022un fonctionnement \u00ab\u00a0biologique \u00bb qui organise tout ce qui est de l\u2019ordre du syst\u00e9mique \u2022un fonctionnement \u00ab\u00a0socio-psychique \u00bb qui s\u2019origine dans la g\u00e9n\u00e9alogie, le socio-historique qui agissent sur le devenir de l\u2019individu et &hellip; <\/p>\n<p><a class=\"more-link btn\" href=\"https:\/\/mimesis.fr\/?page_id=2\">Lire la suite<\/a><\/p>\n","protected":false},"author":1,"featured_media":0,"parent":0,"menu_order":0,"comment_status":"closed","ping_status":"open","template":"","meta":{"footnotes":""},"class_list":["post-2","page","type-page","status-publish","hentry","nodate","item-wrap"],"_links":{"self":[{"href":"https:\/\/mimesis.fr\/index.php?rest_route=\/wp\/v2\/pages\/2"}],"collection":[{"href":"https:\/\/mimesis.fr\/index.php?rest_route=\/wp\/v2\/pages"}],"about":[{"href":"https:\/\/mimesis.fr\/index.php?rest_route=\/wp\/v2\/types\/page"}],"author":[{"embeddable":true,"href":"https:\/\/mimesis.fr\/index.php?rest_route=\/wp\/v2\/users\/1"}],"replies":[{"embeddable":true,"href":"https:\/\/mimesis.fr\/index.php?rest_route=%2Fwp%2Fv2%2Fcomments&post=2"}],"version-history":[{"count":12,"href":"https:\/\/mimesis.fr\/index.php?rest_route=\/wp\/v2\/pages\/2\/revisions"}],"predecessor-version":[{"id":117,"href":"https:\/\/mimesis.fr\/index.php?rest_route=\/wp\/v2\/pages\/2\/revisions\/117"}],"wp:attachment":[{"href":"https:\/\/mimesis.fr\/index.php?rest_route=%2Fwp%2Fv2%2Fmedia&parent=2"}],"curies":[{"name":"wp","href":"https:\/\/api.w.org\/{rel}","templated":true}]}}