{"id":34,"date":"2010-09-12T16:12:13","date_gmt":"2010-09-12T16:12:13","guid":{"rendered":"https:\/\/mimesis.fr\/?page_id=34"},"modified":"2010-09-13T11:19:02","modified_gmt":"2010-09-13T11:19:02","slug":"innovation","status":"publish","type":"page","link":"https:\/\/mimesis.fr\/?page_id=34","title":{"rendered":"Innovation"},"content":{"rendered":"<p><strong><a href=\"https:\/\/mimesis.fr\/wp-content\/uploads\/2010\/09\/i2.jpg\"><img loading=\"lazy\" decoding=\"async\" class=\"alignleft size-full wp-image-75\" title=\"i2\" src=\"https:\/\/mimesis.fr\/wp-content\/uploads\/2010\/09\/i2.jpg\" alt=\"\" width=\"134\" height=\"179\" \/><\/a>Dans ce cadre nous intervenons pour aider les entreprises dans le d\u00e9ploiement de l\u2019innovation, depuis la mise en \u0153uvre compl\u00e8te d\u2019un processus d\u2019innovation, jusqu\u2019\u00e0 l\u2019intervention plus ponctuelle sur la recherche de concepts ou de noms.<\/strong><\/p>\n<h3><span style=\"color: #808080;\"><strong><span style=\"color: #808080;\">Nos outils :<\/span> <\/strong><\/span><\/h3>\n<p>\u2013Mise en place de processus d\u2019innovation<br \/>\n\u2013Gestion de projet (de la recherche d\u2019id\u00e9es au lancement)<br \/>\n\u2013Formation \u00e0 la cr\u00e9ativit\u00e9 (initiation \u00e0 la cr\u00e9ativit\u00e9, formation d\u2019animateurs internes)<br \/>\n&#8211; Recherche de concepts soit \u00e0 partir de pistes pr\u00e9alables, soit \u00e0 partir d\u2019investigations qualitatives<br \/>\n&#8211; Recherche de noms<\/p>\n<h3><span style=\"color: #808080;\"><strong><span style=\"color: #808080;\">Exemple de type d\u2019intervention\u00a0: Recherche de concepts<\/span><\/strong><\/span><\/h3>\n<p>Mim\u00e8sis utilise des m\u00e9thodes de cr\u00e9ativit\u00e9 originales pour trouver de nouveaux concepts de produits ou de communication, d\u00e9veloppement de mix, d\u00e9veloppement de portefeuille de produits, <strong>en s\u2019appuyant sur sa connaissance :<br \/>\n\u2022des tendances socioculturelles, socio-\u00e9conomiques, technologiques, etc.<br \/>\n\u2022des m\u00e9canismes propres du mix marketing<br \/>\n\u2022des histoires des marques<br \/>\n\u2022de la compr\u00e9hension des repr\u00e9sentations, motivations, freins et attentes des consommateurs.<\/strong><\/p>\n<p><strong>Toutes les recherches de cr\u00e9ativit\u00e9 impliquent et int\u00e8grent les responsables des marques (dans et hors entreprise) pour potentialiser les r\u00e9sultats. <\/strong><\/p>\n<h3><span style=\"color: #888888;\"><strong><span style=\"color: #888888;\">Les recherches de concepts s\u2019originent :<\/span> <\/strong><\/span><\/h3>\n<p>\u2022Soit \u00e0 partir de pistes pr\u00e9alables (li\u00e9es \u00e0 une innovation technologique, une tendance du march\u00e9, un d\u00e9sir de d\u00e9velopper un portefeuille de marques\/produits, etc.)<\/p>\n<p>\u2022Soit \u00e0 partir d\u2019une investigations pr\u00e9alables r\u00e9alis\u00e9es aupr\u00e8s des consommateurs ayant mis en \u00e9vidence des pistes d\u2019innovation possibles (leviers motivationnels, attentes, repr\u00e9sentations\u2026)<\/p>\n<h3><span style=\"color: #888888;\"><strong><span style=\"color: #888888;\">Les r\u00e9sultats de la recherche peuvent prendre diff\u00e9rentes formes :<\/span> <\/strong><\/span><\/h3>\n<p>&#8211; une\u00a0 liste th\u00e9matis\u00e9e des concepts r\u00e9dig\u00e9s de mani\u00e8re succincte, destin\u00e9s \u00e0 subir une premi\u00e8re \u00e9valuation<br \/>\n&#8211;\u00a0 des concepts r\u00e9dig\u00e9s (de 8 \u00e0 12) , destin\u00e9s \u00e0 \u00eatre directement test\u00e9s aupr\u00e8s des cibles consommateurs<br \/>\n&#8211; ou toute forme qui para\u00eetrait plus directement op\u00e9rationnelle pour r\u00e9pondre \u00e0 la probl\u00e9matique<\/p>\n","protected":false},"excerpt":{"rendered":"<p>Dans ce cadre nous intervenons pour aider les entreprises dans le d\u00e9ploiement de l\u2019innovation, depuis la mise en \u0153uvre compl\u00e8te d\u2019un processus d\u2019innovation, jusqu\u2019\u00e0 l\u2019intervention plus ponctuelle sur la recherche de concepts ou de noms. Nos outils : \u2013Mise en place de processus d\u2019innovation \u2013Gestion de projet (de la recherche d\u2019id\u00e9es au lancement) \u2013Formation \u00e0 &hellip; <\/p>\n<p><a class=\"more-link btn\" href=\"https:\/\/mimesis.fr\/?page_id=34\">Lire la suite<\/a><\/p>\n","protected":false},"author":1,"featured_media":0,"parent":0,"menu_order":0,"comment_status":"closed","ping_status":"open","template":"","meta":{"footnotes":""},"class_list":["post-34","page","type-page","status-publish","hentry","nodate","item-wrap"],"_links":{"self":[{"href":"https:\/\/mimesis.fr\/index.php?rest_route=\/wp\/v2\/pages\/34"}],"collection":[{"href":"https:\/\/mimesis.fr\/index.php?rest_route=\/wp\/v2\/pages"}],"about":[{"href":"https:\/\/mimesis.fr\/index.php?rest_route=\/wp\/v2\/types\/page"}],"author":[{"embeddable":true,"href":"https:\/\/mimesis.fr\/index.php?rest_route=\/wp\/v2\/users\/1"}],"replies":[{"embeddable":true,"href":"https:\/\/mimesis.fr\/index.php?rest_route=%2Fwp%2Fv2%2Fcomments&post=34"}],"version-history":[{"count":7,"href":"https:\/\/mimesis.fr\/index.php?rest_route=\/wp\/v2\/pages\/34\/revisions"}],"predecessor-version":[{"id":91,"href":"https:\/\/mimesis.fr\/index.php?rest_route=\/wp\/v2\/pages\/34\/revisions\/91"}],"wp:attachment":[{"href":"https:\/\/mimesis.fr\/index.php?rest_route=%2Fwp%2Fv2%2Fmedia&parent=34"}],"curies":[{"name":"wp","href":"https:\/\/api.w.org\/{rel}","templated":true}]}}